{"id":5932,"date":"2023-07-31T11:09:45","date_gmt":"2023-07-31T04:09:45","guid":{"rendered":"https:\/\/solarquangbinh.com\/?post_type=product&#038;p=5932"},"modified":"2023-07-31T11:10:14","modified_gmt":"2023-07-31T04:10:14","slug":"inverter-off-grid-epever-5kw-up5000-hm8042","status":"publish","type":"product","link":"https:\/\/solarquangbinh.com\/?product=inverter-off-grid-epever-5kw-up5000-hm8042","title":{"rendered":"Inverter Off-grid EPEVER 5kW &#8211; UP5000-HM8042"},"content":{"rendered":"<h3>C\u00f4ng ty Epsolar \u0111\u01b0\u1ee3c th\u00e0nh l\u1eadp v\u00e0o th\u00e1ng 3 n\u0103m 2007 v\u1edbi v\u1ed1n \u0111\u0103ng k\u00fd h\u01a1n 30 tri\u1ec7u RMB. Epsolar l\u00e0 m\u1ed9t doanh nghi\u1ec7p m\u1edbi v\u00e0 c\u00f4ng ngh\u1ec7 cao chuy\u00ean nghi\u00ean c\u1ee9u, s\u1ea3n xu\u1ea5t v\u00e0 ti\u1ebfp th\u1ecb c\u00e1c s\u1ea3n ph\u1ea9m \u0111i\u1ec7n.<\/h3>\n<h3>\u00a0 \u00a0 \u00a0 \u00a0 Epsolar cung c\u1ea5p c\u00e1c s\u1ea3n ph\u1ea9m bao g\u1ed3m b\u1ed9 \u0111i\u1ec1u khi\u1ec3n s\u1ea1c n\u0103ng l\u01b0\u1ee3ng m\u1eb7t tr\u1eddi, inverter kh\u00f4ng n\u1ed1i l\u01b0\u1edbi, tr\u00ecnh \u0111i\u1ec1u khi\u1ec3n \u0111\u00e8n LED v\u00e0 c\u00e1c b\u1ed9 ngu\u1ed3n \u0111\u1eb7c bi\u1ec7t, v.v., c\u0169ng nh\u01b0 thi\u1ebft k\u1ebf v\u00e0 cung c\u1ea5p c\u00e1c h\u1ec7 th\u1ed1ng \u1ee9ng d\u1ee5ng n\u0103ng l\u01b0\u1ee3ng m\u1eb7t tr\u1eddi c\u00f3 li\u00ean quan. C\u00f4ng ty \u0111\u00e3 \u0111\u1ea1t ch\u1ee9ng ch\u1ec9 ISO9001: 2008, v\u00e0 c\u00e1c s\u1ea3n ph\u1ea9m \u0111\u00e3 \u0111\u1ea1t ch\u1ee9ng ch\u1ec9 CGC-SOLAR, CE, ROSH, FCC v\u00e0 ETL, c\u0169ng nh\u01b0 c\u00e1c ch\u1ee9ng nh\u1eadn c\u00f3 th\u1ea9m quy\u1ec1n trong n\u01b0\u1edbc v\u00e0 qu\u1ed1c t\u1ebf c\u00f9ng m\u1ed9t s\u1ed1 b\u1eb1ng s\u00e1ng ch\u1ebf. S\u1ea3n ph\u1ea9m \u0111\u00e3 \u0111\u01b0\u1ee3c \u1ee9ng d\u1ee5ng r\u1ed9ng r\u00e3i v\u00e0 \u0111\u01b0\u1ee3c \u0111\u00e1nh gi\u00e1 cao t\u1ea1i m\u1ed9t s\u1ed1 d\u1ef1 \u00e1n l\u1edbn trong v\u00e0 ngo\u00e0i n\u01b0\u1edbc. V\u00e0 b\u00e1n \u1edf h\u01a1n 120 qu\u1ed1c gia v\u00e0 khu v\u1ef1c n\u01b0\u1edbc ngo\u00e0i.<\/h3>\n<h3>\u00a0 \u00a0 \u00a0 \u00a0 V\u00e0o th\u00e1ng 7 n\u0103m 2014, Epsolar th\u00e0nh l\u1eadp chi nh\u00e1nh Th\u00e2m Quy\u1ebfn l\u00e0m c\u01a1 s\u1edf s\u1ea3n xu\u1ea5t c\u1ee7a m\u00ecnh. V\u00e0o th\u00e1ng 8 n\u0103m 2014, Epsolar \u0111\u00e3 \u0111\u01b0\u1ee3c ni\u00eam y\u1ebft tr\u00ean s\u00e0n giao d\u1ecbch v\u00e0 b\u00e1o gi\u00e1 ch\u1ee9ng kho\u00e1n qu\u1ed1c gia v\u00e0 \u0111\u01b0\u1ee3c tung ra th\u1ecb tr\u01b0\u1eddng v\u1ed1n th\u00e0nh c\u00f4ng.<\/h3>\n","protected":false},"excerpt":{"rendered":"<h3>V\u1ec1 s\u1ea3n ph\u1ea9m:<\/h3>\n<ul>\n<li>\n<h3>C\u00f4ng su\u1ea5t \u0111\u1ea7u ra: 5000W<\/h3>\n<\/li>\n<li>\n<h3>\u0110i\u1ec7n \u00e1p battery: 48V<\/h3>\n<\/li>\n<li>\n<h3>Theo ti\u00eau chu\u1ea9n: IP30<\/h3>\n<\/li>\n<li>\n<h3>K\u00edch th\u01b0\u1edbc: 642mmx381mmx149mm<\/h3>\n<\/li>\n<li>\n<h3>Kh\u1ed1i L\u01b0\u1ee3ng: 19kg<\/h3>\n<\/li>\n<\/ul>\n<h3><strong><i class=\"fa fa-download \" ><\/i> Download<\/strong><\/h3>\n<ul>\n<li>\n<h3><a href=\"https:\/\/tpenergy.com.vn\/wp-content\/uploads\/2023\/07\/EPEVER-Datasheet_UP-HI_220V-1.pdf\">DATASHEET<\/a><\/h3>\n<\/li>\n<\/ul>\n","protected":false},"featured_media":5965,"template":"","meta":[],"product_cat":[730],"product_tag":[],"yoast_head":"<!-- This site is optimized with the Yoast SEO plugin v20.6 - https:\/\/yoast.com\/wordpress\/plugins\/seo\/ -->\r\n<title>Inverter Off-grid EPEVER 5kW - UP5000-HM8042 - Solar Qu\u1ea3ng B\u00ecnh chuy\u00ean gi\u1ea3i ph\u00e1p v\u00e0 cung c\u1ea5p h\u1ec7 th\u1ed1ng \u0111i\u1ec7n m\u1eb7t tr\u1eddi h\u00f2a l\u01b0\u1edbi v\u00e0 l\u01b0u tr\u1eef t\u1ea1i Qu\u1ea3ng B\u00ecnh<\/title>\r\n<meta name=\"robots\" content=\"index, follow, max-snippet:-1, max-image-preview:large, max-video-preview:-1\" \/>\r\n<link rel=\"canonical\" href=\"https:\/\/solarquangbinh.com\/?product=inverter-off-grid-epever-5kw-up5000-hm8042\" \/>\r\n<meta property=\"og:locale\" content=\"vi_VN\" \/>\r\n<meta property=\"og:type\" content=\"article\" \/>\r\n<meta property=\"og:title\" content=\"Inverter Off-grid EPEVER 5kW - UP5000-HM8042 - Solar Qu\u1ea3ng B\u00ecnh chuy\u00ean gi\u1ea3i ph\u00e1p v\u00e0 cung c\u1ea5p h\u1ec7 th\u1ed1ng \u0111i\u1ec7n m\u1eb7t tr\u1eddi h\u00f2a l\u01b0\u1edbi v\u00e0 l\u01b0u tr\u1eef t\u1ea1i Qu\u1ea3ng B\u00ecnh\" \/>\r\n<meta property=\"og:description\" content=\"V\u1ec1 s\u1ea3n ph\u1ea9m:    C\u00f4ng su\u1ea5t \u0111\u1ea7u ra: 5000W    \u0110i\u1ec7n \u00e1p battery: 48V    Theo ti\u00eau chu\u1ea9n: IP30    K\u00edch th\u01b0\u1edbc: 642mmx381mmx149mm    Kh\u1ed1i L\u01b0\u1ee3ng: 19kg    Download    DATASHEET\" \/>\r\n<meta property=\"og:url\" content=\"https:\/\/solarquangbinh.com\/?product=inverter-off-grid-epever-5kw-up5000-hm8042\" \/>\r\n<meta property=\"og:site_name\" content=\"Solar Qu\u1ea3ng B\u00ecnh chuy\u00ean gi\u1ea3i ph\u00e1p v\u00e0 cung c\u1ea5p h\u1ec7 th\u1ed1ng \u0111i\u1ec7n m\u1eb7t tr\u1eddi h\u00f2a l\u01b0\u1edbi v\u00e0 l\u01b0u tr\u1eef t\u1ea1i Qu\u1ea3ng B\u00ecnh\" \/>\r\n<meta property=\"article:modified_time\" content=\"2023-07-31T04:10:14+00:00\" \/>\r\n<meta property=\"og:image\" content=\"https:\/\/solarquangbinh.com\/wp-content\/uploads\/2023\/07\/h50af12d29d1e4210bdc475f91670a0f2e-9573-3748.jpg\" \/>\r\n\t<meta property=\"og:image:width\" content=\"540\" \/>\r\n\t<meta property=\"og:image:height\" content=\"540\" \/>\r\n\t<meta property=\"og:image:type\" content=\"image\/jpeg\" \/>\r\n<meta name=\"twitter:card\" content=\"summary_large_image\" \/>\r\n<meta name=\"twitter:label1\" content=\"\u01af\u1edbc t\u00ednh th\u1eddi gian \u0111\u1ecdc\" \/>\n\t<meta name=\"twitter:data1\" content=\"2 ph\u00fat\" \/>\r\n<script type=\"application\/ld+json\" class=\"yoast-schema-graph\">{\"@context\":\"https:\/\/schema.org\",\"@graph\":[{\"@type\":\"WebPage\",\"@id\":\"https:\/\/solarquangbinh.com\/?product=inverter-off-grid-epever-5kw-up5000-hm8042\",\"url\":\"https:\/\/solarquangbinh.com\/?product=inverter-off-grid-epever-5kw-up5000-hm8042\",\"name\":\"Inverter Off-grid EPEVER 5kW - UP5000-HM8042 - Solar Qu\u1ea3ng B\u00ecnh chuy\u00ean gi\u1ea3i ph\u00e1p v\u00e0 cung c\u1ea5p h\u1ec7 th\u1ed1ng \u0111i\u1ec7n m\u1eb7t tr\u1eddi h\u00f2a l\u01b0\u1edbi v\u00e0 l\u01b0u tr\u1eef t\u1ea1i Qu\u1ea3ng B\u00ecnh\",\"isPartOf\":{\"@id\":\"https:\/\/solarquangbinh.com\/#website\"},\"datePublished\":\"2023-07-31T04:09:45+00:00\",\"dateModified\":\"2023-07-31T04:10:14+00:00\",\"breadcrumb\":{\"@id\":\"https:\/\/solarquangbinh.com\/?product=inverter-off-grid-epever-5kw-up5000-hm8042#breadcrumb\"},\"inLanguage\":\"vi\",\"potentialAction\":[{\"@type\":\"ReadAction\",\"target\":[\"https:\/\/solarquangbinh.com\/?product=inverter-off-grid-epever-5kw-up5000-hm8042\"]}]},{\"@type\":\"BreadcrumbList\",\"@id\":\"https:\/\/solarquangbinh.com\/?product=inverter-off-grid-epever-5kw-up5000-hm8042#breadcrumb\",\"itemListElement\":[{\"@type\":\"ListItem\",\"position\":1,\"name\":\"Trang ch\u1ee7\",\"item\":\"https:\/\/solarquangbinh.com\/\"},{\"@type\":\"ListItem\",\"position\":2,\"name\":\"S\u1ea3n ph\u1ea9m\",\"item\":\"https:\/\/solarquangbinh.com\/?page_id=20\"},{\"@type\":\"ListItem\",\"position\":3,\"name\":\"Inverter Off-grid EPEVER 5kW &#8211; UP5000-HM8042\"}]},{\"@type\":\"WebSite\",\"@id\":\"https:\/\/solarquangbinh.com\/#website\",\"url\":\"https:\/\/solarquangbinh.com\/\",\"name\":\"Solar Qu\u1ea3ng B\u00ecnh chuy\u00ean gi\u1ea3i ph\u00e1p v\u00e0 cung c\u1ea5p h\u1ec7 th\u1ed1ng \u0111i\u1ec7n m\u1eb7t tr\u1eddi h\u00f2a l\u01b0\u1edbi v\u00e0 l\u01b0u tr\u1eef t\u1ea1i Qu\u1ea3ng B\u00ecnh\",\"description\":\"\u0110i\u1ec7n n\u0103ng l\u01b0\u1ee3ng m\u1eb7t tr\u1eddi Qu\u1ea3ng B\u00ecnh, Solar Quang Binh, Solar Qu\u1ea3ng B\u00ecnh chuy\u00ean cung c\u1ea5p h\u1ec7 th\u1ed1ng \u0111i\u1ec7n m\u1eb7t tr\u1eddi h\u00f2a l\u01b0\u1edbi v\u00e0 l\u01b0u tr\u1eef, pin n\u0103ng l\u01b0\u1ee3ng m\u1eb7t tr\u1eddi, Solar Quang Binh\",\"potentialAction\":[{\"@type\":\"SearchAction\",\"target\":{\"@type\":\"EntryPoint\",\"urlTemplate\":\"https:\/\/solarquangbinh.com\/?s={search_term_string}\"},\"query-input\":\"required name=search_term_string\"}],\"inLanguage\":\"vi\"}]}<\/script>\r\n<!-- \/ Yoast SEO plugin. -->","yoast_head_json":{"title":"Inverter Off-grid EPEVER 5kW - UP5000-HM8042 - Solar Qu\u1ea3ng B\u00ecnh chuy\u00ean gi\u1ea3i ph\u00e1p v\u00e0 cung c\u1ea5p h\u1ec7 th\u1ed1ng \u0111i\u1ec7n m\u1eb7t tr\u1eddi h\u00f2a l\u01b0\u1edbi v\u00e0 l\u01b0u tr\u1eef t\u1ea1i Qu\u1ea3ng B\u00ecnh","robots":{"index":"index","follow":"follow","max-snippet":"max-snippet:-1","max-image-preview":"max-image-preview:large","max-video-preview":"max-video-preview:-1"},"canonical":"https:\/\/solarquangbinh.com\/?product=inverter-off-grid-epever-5kw-up5000-hm8042","og_locale":"vi_VN","og_type":"article","og_title":"Inverter Off-grid EPEVER 5kW - UP5000-HM8042 - Solar Qu\u1ea3ng B\u00ecnh chuy\u00ean gi\u1ea3i ph\u00e1p v\u00e0 cung c\u1ea5p h\u1ec7 th\u1ed1ng \u0111i\u1ec7n m\u1eb7t tr\u1eddi h\u00f2a l\u01b0\u1edbi v\u00e0 l\u01b0u tr\u1eef t\u1ea1i Qu\u1ea3ng B\u00ecnh","og_description":"V\u1ec1 s\u1ea3n ph\u1ea9m:    C\u00f4ng su\u1ea5t \u0111\u1ea7u ra: 5000W    \u0110i\u1ec7n \u00e1p battery: 48V    Theo ti\u00eau chu\u1ea9n: IP30    K\u00edch th\u01b0\u1edbc: 642mmx381mmx149mm    Kh\u1ed1i L\u01b0\u1ee3ng: 19kg    Download    DATASHEET","og_url":"https:\/\/solarquangbinh.com\/?product=inverter-off-grid-epever-5kw-up5000-hm8042","og_site_name":"Solar Qu\u1ea3ng B\u00ecnh chuy\u00ean gi\u1ea3i ph\u00e1p v\u00e0 cung c\u1ea5p h\u1ec7 th\u1ed1ng \u0111i\u1ec7n m\u1eb7t tr\u1eddi h\u00f2a l\u01b0\u1edbi v\u00e0 l\u01b0u tr\u1eef t\u1ea1i Qu\u1ea3ng B\u00ecnh","article_modified_time":"2023-07-31T04:10:14+00:00","og_image":[{"width":540,"height":540,"url":"https:\/\/solarquangbinh.com\/wp-content\/uploads\/2023\/07\/h50af12d29d1e4210bdc475f91670a0f2e-9573-3748.jpg","type":"image\/jpeg"}],"twitter_card":"summary_large_image","twitter_misc":{"\u01af\u1edbc t\u00ednh th\u1eddi gian \u0111\u1ecdc":"2 ph\u00fat"},"schema":{"@context":"https:\/\/schema.org","@graph":[{"@type":"WebPage","@id":"https:\/\/solarquangbinh.com\/?product=inverter-off-grid-epever-5kw-up5000-hm8042","url":"https:\/\/solarquangbinh.com\/?product=inverter-off-grid-epever-5kw-up5000-hm8042","name":"Inverter Off-grid EPEVER 5kW - UP5000-HM8042 - Solar Qu\u1ea3ng B\u00ecnh chuy\u00ean gi\u1ea3i ph\u00e1p v\u00e0 cung c\u1ea5p h\u1ec7 th\u1ed1ng \u0111i\u1ec7n m\u1eb7t tr\u1eddi h\u00f2a l\u01b0\u1edbi v\u00e0 l\u01b0u tr\u1eef t\u1ea1i Qu\u1ea3ng B\u00ecnh","isPartOf":{"@id":"https:\/\/solarquangbinh.com\/#website"},"datePublished":"2023-07-31T04:09:45+00:00","dateModified":"2023-07-31T04:10:14+00:00","breadcrumb":{"@id":"https:\/\/solarquangbinh.com\/?product=inverter-off-grid-epever-5kw-up5000-hm8042#breadcrumb"},"inLanguage":"vi","potentialAction":[{"@type":"ReadAction","target":["https:\/\/solarquangbinh.com\/?product=inverter-off-grid-epever-5kw-up5000-hm8042"]}]},{"@type":"BreadcrumbList","@id":"https:\/\/solarquangbinh.com\/?product=inverter-off-grid-epever-5kw-up5000-hm8042#breadcrumb","itemListElement":[{"@type":"ListItem","position":1,"name":"Trang ch\u1ee7","item":"https:\/\/solarquangbinh.com\/"},{"@type":"ListItem","position":2,"name":"S\u1ea3n ph\u1ea9m","item":"https:\/\/solarquangbinh.com\/?page_id=20"},{"@type":"ListItem","position":3,"name":"Inverter Off-grid EPEVER 5kW &#8211; UP5000-HM8042"}]},{"@type":"WebSite","@id":"https:\/\/solarquangbinh.com\/#website","url":"https:\/\/solarquangbinh.com\/","name":"Solar Qu\u1ea3ng B\u00ecnh chuy\u00ean gi\u1ea3i ph\u00e1p v\u00e0 cung c\u1ea5p h\u1ec7 th\u1ed1ng \u0111i\u1ec7n m\u1eb7t tr\u1eddi h\u00f2a l\u01b0\u1edbi v\u00e0 l\u01b0u tr\u1eef t\u1ea1i Qu\u1ea3ng B\u00ecnh","description":"\u0110i\u1ec7n n\u0103ng l\u01b0\u1ee3ng m\u1eb7t tr\u1eddi Qu\u1ea3ng B\u00ecnh, Solar Quang Binh, Solar Qu\u1ea3ng B\u00ecnh chuy\u00ean cung c\u1ea5p h\u1ec7 th\u1ed1ng \u0111i\u1ec7n m\u1eb7t tr\u1eddi h\u00f2a l\u01b0\u1edbi v\u00e0 l\u01b0u tr\u1eef, pin n\u0103ng l\u01b0\u1ee3ng m\u1eb7t tr\u1eddi, Solar Quang Binh","potentialAction":[{"@type":"SearchAction","target":{"@type":"EntryPoint","urlTemplate":"https:\/\/solarquangbinh.com\/?s={search_term_string}"},"query-input":"required name=search_term_string"}],"inLanguage":"vi"}]}},"_links":{"self":[{"href":"https:\/\/solarquangbinh.com\/index.php?rest_route=\/wp\/v3\/product\/5932"}],"collection":[{"href":"https:\/\/solarquangbinh.com\/index.php?rest_route=\/wp\/v3\/product"}],"about":[{"href":"https:\/\/solarquangbinh.com\/index.php?rest_route=\/wp\/v2\/types\/product"}],"wp:featuredmedia":[{"embeddable":true,"href":"https:\/\/solarquangbinh.com\/index.php?rest_route=\/wp\/v2\/media\/5965"}],"wp:attachment":[{"href":"https:\/\/solarquangbinh.com\/index.php?rest_route=%2Fwp%2Fv2%2Fmedia&parent=5932"}],"wp:term":[{"taxonomy":"product_cat","embeddable":true,"href":"https:\/\/solarquangbinh.com\/index.php?rest_route=%2Fwp%2Fv2%2Fproduct_cat&post=5932"},{"taxonomy":"product_tag","embeddable":true,"href":"https:\/\/solarquangbinh.com\/index.php?rest_route=%2Fwp%2Fv2%2Fproduct_tag&post=5932"}],"curies":[{"name":"wp","href":"https:\/\/api.w.org\/{rel}","templated":true}]}}