{"id":6538,"date":"2024-07-31T09:27:26","date_gmt":"2024-07-31T02:27:26","guid":{"rendered":"https:\/\/solarquangbinh.com\/?post_type=product&#038;p=6538"},"modified":"2024-07-31T09:34:01","modified_gmt":"2024-07-31T02:34:01","slug":"pin-lithium-deye-512v-100ah-deye-se-g5-1-2","status":"publish","type":"product","link":"https:\/\/solarquangbinh.com\/?product=pin-lithium-deye-512v-100ah-deye-se-g5-1-2","title":{"rendered":"Pin Lithium DEYE 51,2V-100Ah | DEYE SE-G5.1"},"content":{"rendered":"<h3>Ningbo Deye Inverter Technology Co., Ltd, \u0111\u01b0\u1ee3c th\u00e0nh l\u1eadp v\u00e0o n\u0103m 2007 v\u1edbi v\u1ed1n \u0111\u0103ng k\u00fd 205 tri\u1ec7u RMB, l\u00e0 m\u1ed9t trong nh\u1eefng doanh nghi\u1ec7p c\u00f4ng ngh\u1ec7 cao c\u1ee7a Trung Qu\u1ed1c v\u00e0 l\u00e0 c\u00f4ng ty con c\u1ee7a Deye Group. V\u1edbi di\u1ec7n t\u00edch nh\u00e0 m\u00e1y tr\u00ean 15.000\u33a1 v\u00e0 thi\u1ebft b\u1ecb s\u1ea3n xu\u1ea5t v\u00e0 th\u1eed nghi\u1ec7m ho\u00e0n ch\u1ec9nh, Deye \u0111\u00e3 tr\u1edf th\u00e0nh m\u1ed9t c\u00f4ng ty l\u1edbn trong th\u1ecb tr\u01b0\u1eddng bi\u1ebfn t\u1ea7n n\u0103ng l\u01b0\u1ee3ng m\u1eb7t tr\u1eddi to\u00e0n c\u1ea7u.<\/h3>\n<h3>Ningbo Deye Inverter Technology Co., Ltd chuy\u00ean cung c\u1ea5p c\u00e1c gi\u1ea3i ph\u00e1p h\u1ec7 th\u1ed1ng \u0111i\u1ec7n quang \u0111i\u1ec7n ho\u00e0n ch\u1ec9nh, bao g\u1ed3m c\u00e1c gi\u1ea3i ph\u00e1p nh\u00e0 m\u00e1y \u0111i\u1ec7n d\u00e2n d\u1ee5ng v\u00e0 th\u01b0\u01a1ng m\u1ea1i. Ngo\u00e0i ra, Deye cung c\u1ea5p thi\u1ebft b\u1ecb ph\u00f9 h\u1ee3p cho t\u1eebng \u1ee9ng d\u1ee5ng: cho t\u1ea5t c\u1ea3 c\u00e1c lo\u1ea1i m\u00f4-\u0111un, cho k\u1ebft n\u1ed1i l\u01b0\u1edbi \u0111i\u1ec7n v\u00e0 l\u01b0\u1edbi \u0111i\u1ec7n \u0111\u1ed9c l\u1eadp c\u0169ng nh\u01b0 h\u1ec7 th\u1ed1ng bi\u1ebfn t\u1ea7n h\u1ed7n h\u1ee3p, cho h\u1ec7 th\u1ed1ng nh\u00e0 nh\u1ecf v\u00e0 h\u1ec7 th\u1ed1ng th\u01b0\u01a1ng m\u1ea1i trong ph\u1ea1m vi h\u00e0ng Megawwat. Trong \u0111\u00f3, c\u00f4ng su\u1ea5t bi\u1ebfn t\u1ea7n n\u1ed1i l\u01b0\u1edbi PV t\u1eeb 1-100kW, bi\u1ebfn t\u1ea7n Hybrid 3.6kW-12kW, v\u00e0 b\u1ed9 chuy\u1ec3n \u0111\u1ed5i micro inverter 300W-2000W.<\/h3>\n<h3>L\u00e0 m\u1ed9t c\u00f4ng ty \u0111\u1ecbnh h\u01b0\u1edbng v\u1ec1 c\u00f4ng ngh\u1ec7, Deye lu\u00f4n cam k\u1ebft nghi\u00ean c\u1ee9u v\u00e0 ph\u00e1t tri\u1ec3n c\u00e1c c\u00f4ng ngh\u1ec7 ti\u00ean ti\u1ebfn m\u1edbi \u0111\u1ec3 cung c\u1ea5p c\u00e1c s\u1ea3n ph\u1ea9m hi\u1ec7u qu\u1ea3 v\u00e0 \u0111\u00e1ng tin c\u1eady. V\u00ed d\u1ee5: Deye \u00e1p d\u1ee5ng c\u1ea5u tr\u00fac li\u00ean k\u1ebft ba c\u1ea5p ki\u1ec3u T v\u00e0 thu\u1eadt to\u00e1n SVPWM n\u00e2ng cao \u0111\u1ec3 c\u1ea3i thi\u1ec7n h\u01a1n n\u1eefa hi\u1ec7u qu\u1ea3 chuy\u1ec3n \u0111\u1ed5i th\u00eam 0,7% so v\u1edbi SPWM th\u00f4ng th\u01b0\u1eddng.<\/h3>\n<h3>Thu\u1eadn Phong vinh d\u1ef1 l\u00e0 1 trong 5 \u0111\u01a1n v\u1ecb ph\u00e2n ph\u1ed1i \u0111\u1ed9c quy\u1ec1n c\u1ee7a DEYE t\u1ea1i Vi\u1ec7t nam.<\/h3>\n","protected":false},"excerpt":{"rendered":"<h3>V\u1ec1 s\u1ea3n ph\u1ea9m:<\/h3>\n<ul>\n<li>\n<h3>Model: <strong>DEYE SE-G5.1<\/strong><\/h3>\n<\/li>\n<li>\n<h3>C\u00f4ng su\u1ea5t: 51.2V-100Ah<\/h3>\n<\/li>\n<li>\n<h3>\u0110i\u1ec7n \u00e1p s\u1ea1c: 51.2V<\/h3>\n<\/li>\n<li>\n<h3>V\u00f2ng x\u1ea3 n\u1ea1p: &gt;6000 l\u1ea7n<\/h3>\n<\/li>\n<li>\n<h3>B\u1ea3o h\u00e0nh: 5 n\u0103m<\/h3>\n<\/li>\n<\/ul>\n<h3><strong>\u00a0 \u00a0 \u00a0<i class=\"fa fa-download \" ><\/i> Download<\/strong><\/h3>\n<ul>\n<li>\n<h3><a href=\"https:\/\/tpenergy.com.vn\/wp-content\/uploads\/2023\/07\/SE-G5.1-PRO.pdf\">DATASHEET<\/a><\/h3>\n<\/li>\n<\/ul>\n","protected":false},"featured_media":5956,"template":"","meta":[],"product_cat":[727],"product_tag":[],"yoast_head":"<!-- This site is optimized with the Yoast SEO plugin v20.6 - https:\/\/yoast.com\/wordpress\/plugins\/seo\/ -->\r\n<title>Pin Lithium DEYE 51,2V-100Ah | DEYE SE-G5.1 - Solar Qu\u1ea3ng B\u00ecnh chuy\u00ean gi\u1ea3i ph\u00e1p v\u00e0 cung c\u1ea5p h\u1ec7 th\u1ed1ng \u0111i\u1ec7n m\u1eb7t tr\u1eddi h\u00f2a l\u01b0\u1edbi v\u00e0 l\u01b0u tr\u1eef t\u1ea1i Qu\u1ea3ng B\u00ecnh<\/title>\r\n<meta name=\"robots\" content=\"index, follow, max-snippet:-1, max-image-preview:large, max-video-preview:-1\" \/>\r\n<link rel=\"canonical\" href=\"https:\/\/solarquangbinh.com\/?product=pin-lithium-deye-512v-100ah-deye-se-g5-1-2\" \/>\r\n<meta property=\"og:locale\" content=\"vi_VN\" \/>\r\n<meta property=\"og:type\" content=\"article\" \/>\r\n<meta property=\"og:title\" content=\"Pin Lithium DEYE 51,2V-100Ah | DEYE SE-G5.1 - Solar Qu\u1ea3ng B\u00ecnh chuy\u00ean gi\u1ea3i ph\u00e1p v\u00e0 cung c\u1ea5p h\u1ec7 th\u1ed1ng \u0111i\u1ec7n m\u1eb7t tr\u1eddi h\u00f2a l\u01b0\u1edbi v\u00e0 l\u01b0u tr\u1eef t\u1ea1i Qu\u1ea3ng B\u00ecnh\" \/>\r\n<meta property=\"og:description\" content=\"V\u1ec1 s\u1ea3n ph\u1ea9m:    Model: DEYE SE-G5.1    C\u00f4ng su\u1ea5t: 51.2V-100Ah    \u0110i\u1ec7n \u00e1p s\u1ea1c: 51.2V    V\u00f2ng x\u1ea3 n\u1ea1p: &gt;6000 l\u1ea7n    B\u1ea3o h\u00e0nh: 5 n\u0103m   \u00a0 \u00a0 \u00a0 Download    DATASHEET\" \/>\r\n<meta property=\"og:url\" content=\"https:\/\/solarquangbinh.com\/?product=pin-lithium-deye-512v-100ah-deye-se-g5-1-2\" \/>\r\n<meta property=\"og:site_name\" content=\"Solar Qu\u1ea3ng B\u00ecnh chuy\u00ean gi\u1ea3i ph\u00e1p v\u00e0 cung c\u1ea5p h\u1ec7 th\u1ed1ng \u0111i\u1ec7n m\u1eb7t tr\u1eddi h\u00f2a l\u01b0\u1edbi v\u00e0 l\u01b0u tr\u1eef t\u1ea1i Qu\u1ea3ng B\u00ecnh\" \/>\r\n<meta property=\"article:modified_time\" content=\"2024-07-31T02:34:01+00:00\" \/>\r\n<meta name=\"twitter:card\" content=\"summary_large_image\" \/>\r\n<meta name=\"twitter:label1\" content=\"\u01af\u1edbc t\u00ednh th\u1eddi gian \u0111\u1ecdc\" \/>\n\t<meta name=\"twitter:data1\" content=\"2 ph\u00fat\" \/>\r\n<script type=\"application\/ld+json\" class=\"yoast-schema-graph\">{\"@context\":\"https:\/\/schema.org\",\"@graph\":[{\"@type\":\"WebPage\",\"@id\":\"https:\/\/solarquangbinh.com\/?product=pin-lithium-deye-512v-100ah-deye-se-g5-1-2\",\"url\":\"https:\/\/solarquangbinh.com\/?product=pin-lithium-deye-512v-100ah-deye-se-g5-1-2\",\"name\":\"Pin Lithium DEYE 51,2V-100Ah | DEYE SE-G5.1 - Solar Qu\u1ea3ng B\u00ecnh chuy\u00ean gi\u1ea3i ph\u00e1p v\u00e0 cung c\u1ea5p h\u1ec7 th\u1ed1ng \u0111i\u1ec7n m\u1eb7t tr\u1eddi h\u00f2a l\u01b0\u1edbi v\u00e0 l\u01b0u tr\u1eef t\u1ea1i Qu\u1ea3ng B\u00ecnh\",\"isPartOf\":{\"@id\":\"https:\/\/solarquangbinh.com\/#website\"},\"datePublished\":\"2024-07-31T02:27:26+00:00\",\"dateModified\":\"2024-07-31T02:34:01+00:00\",\"breadcrumb\":{\"@id\":\"https:\/\/solarquangbinh.com\/?product=pin-lithium-deye-512v-100ah-deye-se-g5-1-2#breadcrumb\"},\"inLanguage\":\"vi\",\"potentialAction\":[{\"@type\":\"ReadAction\",\"target\":[\"https:\/\/solarquangbinh.com\/?product=pin-lithium-deye-512v-100ah-deye-se-g5-1-2\"]}]},{\"@type\":\"BreadcrumbList\",\"@id\":\"https:\/\/solarquangbinh.com\/?product=pin-lithium-deye-512v-100ah-deye-se-g5-1-2#breadcrumb\",\"itemListElement\":[{\"@type\":\"ListItem\",\"position\":1,\"name\":\"Trang ch\u1ee7\",\"item\":\"https:\/\/solarquangbinh.com\/\"},{\"@type\":\"ListItem\",\"position\":2,\"name\":\"S\u1ea3n ph\u1ea9m\",\"item\":\"https:\/\/solarquangbinh.com\/?page_id=20\"},{\"@type\":\"ListItem\",\"position\":3,\"name\":\"Pin Lithium DEYE 51,2V-100Ah | DEYE SE-G5.1\"}]},{\"@type\":\"WebSite\",\"@id\":\"https:\/\/solarquangbinh.com\/#website\",\"url\":\"https:\/\/solarquangbinh.com\/\",\"name\":\"Solar Qu\u1ea3ng B\u00ecnh chuy\u00ean gi\u1ea3i ph\u00e1p v\u00e0 cung c\u1ea5p h\u1ec7 th\u1ed1ng \u0111i\u1ec7n m\u1eb7t tr\u1eddi h\u00f2a l\u01b0\u1edbi v\u00e0 l\u01b0u tr\u1eef t\u1ea1i Qu\u1ea3ng B\u00ecnh\",\"description\":\"\u0110i\u1ec7n n\u0103ng l\u01b0\u1ee3ng m\u1eb7t tr\u1eddi Qu\u1ea3ng B\u00ecnh, Solar Quang Binh, Solar Qu\u1ea3ng B\u00ecnh chuy\u00ean cung c\u1ea5p h\u1ec7 th\u1ed1ng \u0111i\u1ec7n m\u1eb7t tr\u1eddi h\u00f2a l\u01b0\u1edbi v\u00e0 l\u01b0u tr\u1eef, pin n\u0103ng l\u01b0\u1ee3ng m\u1eb7t tr\u1eddi, Solar Quang Binh\",\"potentialAction\":[{\"@type\":\"SearchAction\",\"target\":{\"@type\":\"EntryPoint\",\"urlTemplate\":\"https:\/\/solarquangbinh.com\/?s={search_term_string}\"},\"query-input\":\"required name=search_term_string\"}],\"inLanguage\":\"vi\"}]}<\/script>\r\n<!-- \/ Yoast SEO plugin. -->","yoast_head_json":{"title":"Pin Lithium DEYE 51,2V-100Ah | DEYE SE-G5.1 - Solar Qu\u1ea3ng B\u00ecnh chuy\u00ean gi\u1ea3i ph\u00e1p v\u00e0 cung c\u1ea5p h\u1ec7 th\u1ed1ng \u0111i\u1ec7n m\u1eb7t tr\u1eddi h\u00f2a l\u01b0\u1edbi v\u00e0 l\u01b0u tr\u1eef t\u1ea1i Qu\u1ea3ng B\u00ecnh","robots":{"index":"index","follow":"follow","max-snippet":"max-snippet:-1","max-image-preview":"max-image-preview:large","max-video-preview":"max-video-preview:-1"},"canonical":"https:\/\/solarquangbinh.com\/?product=pin-lithium-deye-512v-100ah-deye-se-g5-1-2","og_locale":"vi_VN","og_type":"article","og_title":"Pin Lithium DEYE 51,2V-100Ah | DEYE SE-G5.1 - Solar Qu\u1ea3ng B\u00ecnh chuy\u00ean gi\u1ea3i ph\u00e1p v\u00e0 cung c\u1ea5p h\u1ec7 th\u1ed1ng \u0111i\u1ec7n m\u1eb7t tr\u1eddi h\u00f2a l\u01b0\u1edbi v\u00e0 l\u01b0u tr\u1eef t\u1ea1i Qu\u1ea3ng B\u00ecnh","og_description":"V\u1ec1 s\u1ea3n ph\u1ea9m:    Model: DEYE SE-G5.1    C\u00f4ng su\u1ea5t: 51.2V-100Ah    \u0110i\u1ec7n \u00e1p s\u1ea1c: 51.2V    V\u00f2ng x\u1ea3 n\u1ea1p: &gt;6000 l\u1ea7n    B\u1ea3o h\u00e0nh: 5 n\u0103m   \u00a0 \u00a0 \u00a0 Download    DATASHEET","og_url":"https:\/\/solarquangbinh.com\/?product=pin-lithium-deye-512v-100ah-deye-se-g5-1-2","og_site_name":"Solar Qu\u1ea3ng B\u00ecnh chuy\u00ean gi\u1ea3i ph\u00e1p v\u00e0 cung c\u1ea5p h\u1ec7 th\u1ed1ng \u0111i\u1ec7n m\u1eb7t tr\u1eddi h\u00f2a l\u01b0\u1edbi v\u00e0 l\u01b0u tr\u1eef t\u1ea1i Qu\u1ea3ng B\u00ecnh","article_modified_time":"2024-07-31T02:34:01+00:00","twitter_card":"summary_large_image","twitter_misc":{"\u01af\u1edbc t\u00ednh th\u1eddi gian \u0111\u1ecdc":"2 ph\u00fat"},"schema":{"@context":"https:\/\/schema.org","@graph":[{"@type":"WebPage","@id":"https:\/\/solarquangbinh.com\/?product=pin-lithium-deye-512v-100ah-deye-se-g5-1-2","url":"https:\/\/solarquangbinh.com\/?product=pin-lithium-deye-512v-100ah-deye-se-g5-1-2","name":"Pin Lithium DEYE 51,2V-100Ah | DEYE SE-G5.1 - Solar Qu\u1ea3ng B\u00ecnh chuy\u00ean gi\u1ea3i ph\u00e1p v\u00e0 cung c\u1ea5p h\u1ec7 th\u1ed1ng \u0111i\u1ec7n m\u1eb7t tr\u1eddi h\u00f2a l\u01b0\u1edbi v\u00e0 l\u01b0u tr\u1eef t\u1ea1i Qu\u1ea3ng B\u00ecnh","isPartOf":{"@id":"https:\/\/solarquangbinh.com\/#website"},"datePublished":"2024-07-31T02:27:26+00:00","dateModified":"2024-07-31T02:34:01+00:00","breadcrumb":{"@id":"https:\/\/solarquangbinh.com\/?product=pin-lithium-deye-512v-100ah-deye-se-g5-1-2#breadcrumb"},"inLanguage":"vi","potentialAction":[{"@type":"ReadAction","target":["https:\/\/solarquangbinh.com\/?product=pin-lithium-deye-512v-100ah-deye-se-g5-1-2"]}]},{"@type":"BreadcrumbList","@id":"https:\/\/solarquangbinh.com\/?product=pin-lithium-deye-512v-100ah-deye-se-g5-1-2#breadcrumb","itemListElement":[{"@type":"ListItem","position":1,"name":"Trang ch\u1ee7","item":"https:\/\/solarquangbinh.com\/"},{"@type":"ListItem","position":2,"name":"S\u1ea3n ph\u1ea9m","item":"https:\/\/solarquangbinh.com\/?page_id=20"},{"@type":"ListItem","position":3,"name":"Pin Lithium DEYE 51,2V-100Ah | DEYE SE-G5.1"}]},{"@type":"WebSite","@id":"https:\/\/solarquangbinh.com\/#website","url":"https:\/\/solarquangbinh.com\/","name":"Solar Qu\u1ea3ng B\u00ecnh chuy\u00ean gi\u1ea3i ph\u00e1p v\u00e0 cung c\u1ea5p h\u1ec7 th\u1ed1ng \u0111i\u1ec7n m\u1eb7t tr\u1eddi h\u00f2a l\u01b0\u1edbi v\u00e0 l\u01b0u tr\u1eef t\u1ea1i Qu\u1ea3ng B\u00ecnh","description":"\u0110i\u1ec7n n\u0103ng l\u01b0\u1ee3ng m\u1eb7t tr\u1eddi Qu\u1ea3ng B\u00ecnh, Solar Quang Binh, Solar Qu\u1ea3ng B\u00ecnh chuy\u00ean cung c\u1ea5p h\u1ec7 th\u1ed1ng \u0111i\u1ec7n m\u1eb7t tr\u1eddi h\u00f2a l\u01b0\u1edbi v\u00e0 l\u01b0u tr\u1eef, pin n\u0103ng l\u01b0\u1ee3ng m\u1eb7t tr\u1eddi, Solar Quang Binh","potentialAction":[{"@type":"SearchAction","target":{"@type":"EntryPoint","urlTemplate":"https:\/\/solarquangbinh.com\/?s={search_term_string}"},"query-input":"required name=search_term_string"}],"inLanguage":"vi"}]}},"_links":{"self":[{"href":"https:\/\/solarquangbinh.com\/index.php?rest_route=\/wp\/v3\/product\/6538"}],"collection":[{"href":"https:\/\/solarquangbinh.com\/index.php?rest_route=\/wp\/v3\/product"}],"about":[{"href":"https:\/\/solarquangbinh.com\/index.php?rest_route=\/wp\/v2\/types\/product"}],"wp:featuredmedia":[{"embeddable":true,"href":"https:\/\/solarquangbinh.com\/index.php?rest_route=\/wp\/v2\/media\/5956"}],"wp:attachment":[{"href":"https:\/\/solarquangbinh.com\/index.php?rest_route=%2Fwp%2Fv2%2Fmedia&parent=6538"}],"wp:term":[{"taxonomy":"product_cat","embeddable":true,"href":"https:\/\/solarquangbinh.com\/index.php?rest_route=%2Fwp%2Fv2%2Fproduct_cat&post=6538"},{"taxonomy":"product_tag","embeddable":true,"href":"https:\/\/solarquangbinh.com\/index.php?rest_route=%2Fwp%2Fv2%2Fproduct_tag&post=6538"}],"curies":[{"name":"wp","href":"https:\/\/api.w.org\/{rel}","templated":true}]}}